e remainder when o is divided by (-2)/z - 19/(-3)?
3
Suppose -4*s - 60 = -8*s. Suppose -14*j = -s*j + 20. Suppose 0 = -5*x + 189 + 296. Calculate the remainder when x is divided by j.
17
Let p be 0/1 - 9/(-9). Calculate the remainder when 37 is divided by (-3 + 0)/p + 22.
18
What is the remainder when 129 is divided by (-4 - -5)/(2/38)?
15
Let c = 13 + -4. Let b = -14 + c. Let y = 10 + b. Calculate the remainder when y is divided by 2.
1
Let i(d) = 2*d**3 + 3*d**2 - 2*d. Suppose m = 5*l + 16, 0 = 3*m - 72*l + 73*l - 32. Calculate the remainder when i(2) is divided by m.
2
Suppose 5*u - 2*f - 187 = 0, -4*u = -f + 2*f - 147. What is the remainder when u is divided by 136/14 + (-6)/(-21)?
7
Let z(j) be the first derivative of 15*j**4/4 - j**3/3 - j**2/2 - 37. Calculate the remainder when 50 is divided by z(1).
11
Let d(m) = 3*m**2 - 7*m - 7. Let u(r) = -r**2 + 2. Let f(z) = d(z) + 4*u(z). Calculate the remainder when 63 is divided by f(-3).
11
Let i(m) = -6*m - 17. Let q(n) = -n**3 + 4*n + 3. What is the remainder when i(-11) is divided by q(-3)?
13
Let b = -110 - -119. Suppose 0 = -5*h - b*h + 56. What is the remainder when 19 is divided by h?
3
Suppose -36*c + 24023 = 4331. Calculate the remainder when c is divided by 25.
22
Suppose 2*w - 32 = 60. Calculate the remainder when w is divided by 4 - 3/(-2)*14.
21
Let d be (1 + 5/2)/((-2)/(-12)). Suppose 12*h + 126 = d*h. Calculate the remainder when 55 is divided by h.
13
Let g = 14 - 11. Suppose -48 = -3*f - 3*n, n + 4*n - 4 = -f. What is the remainder when (-70)/g*3/(-2) is divided by f?
16
Suppose 24 = 4*q - 5*k, -5*k = 2*q - 4*k + 2. Let i(y) = 5*y - 1. Let t(s) = s**3 - 4*s**2 - 6*s + 15. What is the remainder when t(5) is divided by i(q)?
2
Suppose 261 = 4*x + 25. Suppose -8 = j - 3*j. Suppose -3*y - 95 = -j*o, 3*o - 50 = 3*y - 5*y. What is the remainder when x is divided by o?
19
Suppose -w - 2 + 25 = -5*t, -3*t = -4*w + 41. What is the remainder when 83 is divided by w?
3
Let z be (-2)/(-7) + (-38)/(-14). Suppose z*f - 4*f = -4. Suppose -f*w = 3*k - 24 - 33, -4*k + 4*w + 104 = 0. Calculate the remainder when 89 is divided by k.
20
Let m be (0/1)/(1 - 0). Suppose 0*j + 103 = 4*w - j, m = -w + 2*j + 31. Calculate the remainder when 46 is divided by w.
21
Let j(z) = z + 1. Let o(t) = -7*t - 13. Let i(s) = -6*j(s) - o(s). Let c be i(-10). Let u = 9 + c. Calculate the remainder when 9 is divided by u.
3
Let o(b) = -2*b**3 + 28*b**2 - 28*b + 6. What is the remainder when o(12) is divided by 33?
15
Suppose 0 = u - 5, 2*m + 39*u - 34*u = 59. What is the remainder when 116 is divided by m?
14
Let w = 352 + -71. What is the remainder when w is divided by 41?
35
Let w(a) = a**2 + 9*a. Let d be w(-9). Let u(j) = j. Let c be u(d). Suppose 23 = 4*r + t, -r + c*r + t + 7 = 0. What is the remainder when 15 is divided by r?
3
What is the remainder when 98 is divided by (115/(-69))/(1/(-15))?
23
Suppose -94 + 18 = -4*g. Let p(l) = 6*l**2 + 9*l - 68. Calculate the remainder when p(-6) is divided by g.
18
Let f = 363 + -273. What is the remainder when f is divided by 32?
26
Let f be 54/12 - 3/2. Suppose f*x - 8*x = -3*w - 81, -w = -x + 15. What is the remainder when x is divided by 5?
3
Let i = 657 - 344. Calculate the remainder when i is divided by 9.
7
Let r = -78 + 52. Let w = r - -40. Suppose -270 = -8*k + 3*k. What is the remainder when k is divided by w?
12
Let q = 682 - 600. Calculate the remainder when 157 is divided by q.
75
Suppose -3*i = 3, 0 = -4*p + 4*i - 9*i + 27. Suppose 3*w + 65 = p*w. Calculate the remainder when 62 is divided by w.
10
Suppose 337 - 2683 = -23*u. Calculate the remainder when u is divided by 15.
12
Let p = 55 + 42. What is the remainder when p is divided by ((-5)/10*1)/((-2)/84)?
13
Suppose -335*j = -347*j + 708. Calculate the remainder when 175 is divided by j.
57
Let v = -17 + 44. Let g(o) be the first derivative of o**3/3 - 3*o**2/2 - 3*o + 4. Calculate the remainder when v is divided by g(-2).
6
Let i = -66 + 69. Suppose n - 2*d - 28 = 0, -2*d + 3*d - 105 = -i*n. Calculate the remainder when n is divided by 7.
6
Let o = 2068 - 1530. Calculate the remainder when o is divided by 12.
10
Let l(u) = 153*u + 9. Calculate the remainder when 61 is divided by l(0).
7
Suppose -4904 = -2*s - 2*x, 0*x - 12300 = -5*s + 5*x. Calculate the remainder when s is divided by 27.
26
Suppose 0 = -5*c - 0*c - 0*c. Suppose -4*a + c*q = 2*q - 82, 5*q = -a + 43. Calculate the remainder when a is divided by 4.
2
What is the remainder when 128 is divided by (-2 - (31/(-6) - 4))*6?
42
Suppose -l = -3*w + 82, -3 = -w + 3*l + 19. Calculate the remainder when 55 is divided by w*(9/6 - 1).
13
Let d(n) = n**2 + 5*n - 8. Let l(v) = 4*v + 2. Let g be l(-5). Let x be 21*2*3/g. What is the remainder when 11 is divided by d(x)?
5
Suppose 4*i + 6 = -10, 5*i = -5*x - 440. Let w = x - -123. Calculate the remainder when w is divided by 10.
9
Let r(z) = z + 12. Calculate the remainder when 56 is divided by r(5).
5
Let y(n) = -n**3 - n. Let l(c) = c**3 - 21*c**2 + 4*c + 21. Let x(k) = -l(k) - 2*y(k). Calculate the remainder when 102 is divided by x(-21).
18
Suppose 5*v = -5*p + 35, -9*p = 4*p + 26. Let o(y) = y. Let w = 8 - 3. Calculate the remainder when v is divided by o(w).
4
Suppose -3*t + 4 = -8. Let g be 3/(-6) + (-44)/(-8). Suppose 3*n + 26 = g*n. What is the remainder when n is divided by t?
1
Suppose 16 = -4*a, 4*w = 5*a - 59 + 7. What is the remainder when (28/(-6))/(((-60)/w)/(-5)) is divided by 5?
2
Let x = -34 - -35. Let f = 74 - 49. Calculate the remainder when f is divided by (x - (-8)/(-2)) + 7 + 3.
4
Let k(w) = -w**2 + 4*w + 4. Let p be k(3). Suppose -p*r - 49 = -8*r. Calculate the remainder when r is divided by 13.
10
Let a = 535 - 512. Let s(l) be the third derivative of l**5/60 + l**4/6 - l**3/2 - l**2. What is the remainder when a is divided by s(-6)?
5
Let o = -229 + 379. Calculate the remainder when o is divided by 17.
14
Let x be (-128)/7 + 10/35. Let b = 25 + x. Let r(p) = -p + 8. What is the remainder when 3 is divided by r(b)?
0
Suppose -2*f + 152 = 2*f. Suppose s = 8*s - 56. Suppose 3*q - b = -s + 36, 5*q - 5*b - 40 = 0. Calculate the remainder when f is divided by q.
8
Let l be -51*(8/(-12))/2. Suppose -20*x + l*x + 3 = 0. Let w(b) = 18*b - 2. Calculate the remainder when w(x) is divided by 6.
4
Let b(z) = z**3 + 8*z**2 - 3*z - 8. Let n(c) = 21*c - 44. Calculate the remainder when n(5) is divided by b(-8).
13
Let r(v) = -7*v - 11 + 4*v - 2. What is the remainder when r(-22) is divided by 7?
4
Let q be (-36)/4*(-4)/(-3). Let f = q - -19. Let u(v) = -v**2 + 8*v + 9. What is the remainder when 46 is divided by u(f)?
14
Let c(w) = w**2 + 2*w + 3. Let i be c(-5). Suppose -186 = -12*b + i. Calculate the remainder when b is divided by 11.
6
Let i(m) = -3*m - 3. Let u(q) = -q + 1. Let g(b) = -i(b) + 4*u(b). Calculate the remainder when g(-10) is divided by 9.
8
Suppose 5*g + 570 = -255. Let c = g + 339. Suppose -5*w + 61 = -c. Calculate the remainder when w is divided by 12.
11
What is the remainder when 197 is divided by 146/7 + 1 + (-121)/(-847)?
21
Let n(m) = -11*m - 420. Calculate the remainder when n(-46) is divided by 46.
40
Let l(x) = -2*x**2 + x. Let h be l(2). Let c(r) = -7*r + 2. Calculate the remainder when (-84)/10*45/h is divided by c(-2).
15
Let v = -31 + 44. Let b(g) = 6*g - 6. Let w(u) = 2*u - 1. Let i(z) = b(z) - 5*w(z). Calculate the remainder when v is divided by i(-2).
6
Suppose 4*r - 13 = -1. Suppose -5*w - 36 = -56. What is the remainder when r is divided by 9/w - 1/4?
1
Let y = 180 + 121. Calculate the remainder when y is divided by 38.
35
Let j = 61 + -42. Let p(l) = -3*l - 15. Let o be p(-9). Suppose -365 = -o*w + 7*w. What is the remainder when w is divided by j?
16
Calculate the remainder when 497 is divided by 205/7 - ((-192)/(-84))/8.
4
Suppose 4*b + 18 = 38. Suppose -7*l + 8 = -b*l. Suppose 0 = v - l*v + 36. Calculate the remainder when 45 is divided by v.
9
Let n be (-2*2/(-4))/(13/(-637)). Let p = n - -58. Calculate the remainder when p is divided by 2.
1
Calculate the remainder when 49 is divided by 4/(-14) + (-1089)/(-63).
15
Let n be 4*(-1)/(-8)*6. Suppose -2*x + 2 = 2*y, n*x - 5 = -x - 3*y. Calculate the remainder when -1*(3 - x)*-2 is divided by 2.
0
Suppo